t is the ten thousands digit of 599448?
9
What is the hundreds digit of 4238?
2
What is the hundreds digit of 74319?
3
What is the thousands digit of 7211722?
1
What is the tens digit of 998022?
2
What is the hundreds digit of 942501?
5
What is the thousands digit of 839949?
9
What is the units digit of 671157?
7
What is the tens digit of 20230852?
5
What is the units digit of 46439?
9
What is the thousands digit of 2045918?
5
What is the hundreds digit of 590933?
9
What is the thousands digit of 993384?
3
What is the tens digit of 540505?
0
What is the thousands digit of 853786?
3
What is the hundred thousands digit of 9046763?
0
What is the tens digit of 416129?
2
What is the thousands digit of 2783482?
3
What is the thousands digit of 11927037?
7
What is the units digit of 371087?
7
What is the units digit of 8352470?
0
What is the millions digit of 5508350?
5
What is the units digit of 392426?
6
What is the thousands digit of 6394016?
4
What is the tens digit of 1760073?
7
What is the hundreds digit of 740609?
6
What is the hundreds digit of 1327849?
8
What is the thousands digit of 18399113?
9
What is the millions digit of 19561067?
9
What is the hundred thousands digit of 366812?
3
What is the ten thousands digit of 3203124?
0
What is the thousands digit of 30615842?
5
What is the ten thousands digit of 166011?
6
What is the hundreds digit of 3959722?
7
What is the tens digit of 18957167?
6
What is the hundred thousands digit of 1086562?
0
What is the hundred thousands digit of 203907?
2
What is the hundreds digit of 634552?
5
What is the tens digit of 668139?
3
What is the hundred thousands digit of 11096036?
0
What is the units digit of 6615319?
9
What is the tens digit of 2598350?
5
What is the thousands digit of 26491?
6
What is the hundreds digit of 1986555?
5
What is the tens digit of 6703227?
2
What is the tens digit of 1858901?
0
What is the hundred thousands digit of 7661939?
6
What is the tens digit of 24495660?
6
What is the hundred thousands digit of 4076822?
0
What is the units digit of 1398917?
7
What is the hundreds digit of 676219?
2
What is the hundred thousands digit of 655795?
6
What is the thousands digit of 411071?
1
What is the hundreds digit of 451556?
5
What is the hundred thousands digit of 2837416?
8
What is the units digit of 132839?
9
What is the ten thousands digit of 3715531?
1
What is the units digit of 174649?
9
What is the ten thousands digit of 20664?
2
What is the tens digit of 87256?
5
What is the units digit of 58320?
0
What is the tens digit of 5806?
0
What is the ten thousands digit of 805151?
0
What is the units digit of 1331913?
3
What is the tens digit of 57526?
2
What is the hundreds digit of 649292?
2
What is the millions digit of 1665726?
1
What is the ten thousands digit of 83892?
8
What is the ten thousands digit of 227447?
2
What is the ten thousands digit of 403931?
0
What is the ten millions digit of 24658575?
2
What is the units digit of 315938?
8
What is the tens digit of 213966?
6
What is the tens digit of 53825?
2
What is the hundreds digit of 276797?
7
What is the ten thousands digit of 3735052?
3
What is the hundred thousands digit of 2037175?
0
What is the ten thousands digit of 3317823?
1
What is the ten millions digit of 15099783?
1
What is the thousands digit of 2391199?
1
What is the hundreds digit of 1740242?
2
What is the hundred thousands digit of 390773?
3
What is the ten thousands digit of 2129653?
2
What is the thousands digit of 3971218?
1
What is the thousands digit of 2823176?
3
What is the hundred thousands digit of 33184533?
1
What is the hundreds digit of 4434962?
9
What is the hundred thousands digit of 4397987?
3
What is the ten thousands digit of 10745823?
4
What is the ten thousands digit of 4670121?
7
What is the hundred thousands digit of 238614?
2
What is the millions digit of 14263561?
4
What is the thousands digit of 961850?
1
What is the ten millions digit of 12283314?
1
What is the tens digit of 9507429?
2
What is the tens digit of 261024?
2
What is the millions digit of 7362454?
7
What is the ten thousands digit of 8444397?
4
What is the ten thousands digit of 160197?
6
What is the thousands digit of 1723109?
3
What is the tens digit of 95144?
4
What is the tens digit of 4793364?
6
What is the tens digit of 4699460?
6
What is the hundred thousands digit of 13591171?
5
What is the units digit of 28241231?
1
What is the units digit of 1778619?
9
What is the hundreds digit of 33470?
4
What is the millions digit of 1629063?
1
What is the ten millions digit of 18718162?
1
What is the tens digit of 8640500?
0
What is the ten thousands digit of 114927?
1
What is the units digit of 5330418?
8
What is the thousands digit of 5085622?
5
What is the units digit of 206409?
9
What is the tens digit of 143251?
5
What is the units digit of 342194?
4
What is the millions digit of 2104604?
2
What is the units digit of 14904137?
7
What is the hundreds digit of 9387600?
6
What is the thousands digit of 1098798?
8
What is the thousands digit of 7257032?
7
What is the units digit of 12357438?
8
What is the thousands digit of 13315204?
5
What is the hundred thousands digit of 269933?
2
What is the tens digit of 353360?
6
What is the hundred thousands digit of 11609126?
6
What is the ten thousands digit of 797248?
9
What is the thousands digit of 14261372?
1
What is the ten thousands digit of 201280?
0
What is the hundreds digit of 1549?
5
What is the hundred thousands digit of 10187863?
1
What is the hundred thousands digit of 406320?
4
What is the hundreds digit of 4862?
8
What is the thousands digit of 593973?
3
What is the tens digit of 1715356?
5
What is the units digit of 14072495?
5
What is the ten thousands digit of 3907483?
0
What is the thousands digit of 336737?
6
What is the units digit of 362014?
4
What is the hundred thousands digit of 5149454?
1
What is the hundred thousands digit of 3575441?
5
What is the hundred thousands digit of 6966279?
9
What is the thousands digit of 75504?
5
What is the tens digit of 660859?
5
What is the ten thousands digit of 3167916?
6
What is the units digit of 2520591?
1
What is the tens digit of 971967?
6
What is the millions digit of 6774538?
6
What is the millions digit of 2231308?
2
What is the tens digit of 180893?
9
What is the units digit of 38622?
2
What is the hundred thousands digit of 1318873?
3
What is the hundreds digit of 691785?
7
What is the tens digit of 131438?
3
What is the tens digit of 101991?
9
What is the thousands digit of 249597?
9
What is the hundreds digit of 942513?
5
What is the thousands digit of 990658?
0
What is the ten thousands digit of 5162382?
6
What is the hundred thousands digit of 1293022?
2
What is the units digit of 1265819?
9
What is the hundred thousands digit of 2284407?
2
What is the millions digit of 1221743?
1
What is the hundred thousands digit of 1312594?
3
What is the units digit of 222459?
9
What is the units digit of 3651298?
8
What is the hundreds digit of 620129?
1
What is the hundreds digit of 14337842?
8
What is the units digit of 275776?
6
What is the thousands digit of 130714?
0
What is the tens digit of 245233?
3
What is the hundreds digit of 548761?
7
What is the units digit of 3351946?
6
What is the thousands digit of 199017?
9
What is the units digit of 5524734?
4
What is the thousands digit of 1794494?
4
What is the thousands digit of 1511792?
1
What is the thousands digit of 328446?
8
What is the thousands digit of 18289540?
9
What is the units digit of 52833?
3
What is the millions digit of 2431665?
2
What is the units digit of 28367?
7
What is the thousands digit of 1936510?
6
What is the ten thousands digit of 17232924?
3
What is the hundred thousands digit of 5282513?
2
What is the hundreds digit of 259084?
0
What is the ten thousands digit of 1908521?
0
What is the ten thousands digit of 525454?
2
What is the hundreds digit of 52126?
1
What is the units digit of 3155330?
0
What is the tens digit of 104511?
1
What is the thousands digit of 943101?
3
What is the hundred thousands digit of 7080999?
0
What is the units digit of 2740685?
5
What is the ten millions digit of 22015216?
2
What is the ten thousands digit of 7745862?
4
What is the hundreds digit of 180551